{"id":10,"date":"2022-07-14T19:48:30","date_gmt":"2022-07-14T17:48:30","guid":{"rendered":"http:\/\/jadouille.be\/?page_id=10"},"modified":"2022-07-15T11:41:52","modified_gmt":"2022-07-15T09:41:52","slug":"historique","status":"publish","type":"page","link":"https:\/\/jadouille.be\/index.php\/historique\/","title":{"rendered":"Historique"},"content":{"rendered":"\n<p>C&rsquo;est en 1958 que Louis Jadouille et son \u00e9pouse Jeanne reprennent la quincaillerie \u00ab\u00a0Massart\u00a0\u00bb sise \u00e0 l&rsquo;\u00e9poque au nr 8 de la place du Sablon, d&rsquo;o\u00f9 le nom \u00ab Quincaillerie du Sablon \u00bb. Pour la petite histoire, la place fut rebaptis\u00e9e \u00ab Alphonse Bosch\u00bb en m\u00e9moire du bourgmestre de la ville de Wavre qui fut ex\u00e9cut\u00e9 lors de la retraite des nazis \u00e0 la fin de la deuxi\u00e8me guerre mondiale.<br>Leur fils, Richard, a fortement contribu\u00e9 au d\u00e9veloppement de la quincaillerie. Il eut en 1971 l&rsquo;opportunit\u00e9 de reprendre la quincaillerie \u00ab Moucheron\u00bb \u00e9tablie au nr 12 de la place Bosch. Depuis, Richard Jadouille n&rsquo;a eu de cesse d&rsquo;y d\u00e9velopper son commerce et il avait d\u00e9j\u00e0 compris en 1976 la n\u00e9cessit\u00e9 de rejoindre un groupement d&rsquo;achat: Algiva.<br>La quincaillerie traditionnelle et de b\u00e2timent, l&rsquo;outillage \u00e0 main et \u00e9lectroportatif, les articles de jardinage et de m\u00e9nage ainsi que la serrurerie faisaient et font encore partie \u00e0 ce jour d&rsquo;un assortiment tr\u00e8s complet.<br>C&rsquo;est dans cet environnement que Christian, fils de Richard, fit ses premiers pas.<br>Depuis, Christian assure la g\u00e9rance de la sprl Jadouille, qui n&rsquo;a plus rien de commun avec la quincaillerie d&rsquo;antan. En 1996, il rejoint un groupement d&rsquo;achat plus important: Asamca.<br>En 1997, il engage un premier repr\u00e9sentant. En l&rsquo;an 2000, il reprend le portefeuille d&rsquo;activit\u00e9s de la soci\u00e9t\u00e9 Bonouty et d\u00e9veloppe le service apr\u00e8s-vente.<br>Le nouveau march\u00e9 professionnel et les nouveaux concepts de distribution, les imp\u00e9ratifs d&rsquo;accessibilit\u00e9 et de service ont \u00e9t\u00e9 \u00e0 la base d&rsquo;une relocalisation forc\u00e9e mais tr\u00e8s r\u00e9ussie sur le site de l&rsquo;ancienne d\u00e9charge du Longchamp. Sans oublier l&rsquo;impact de nouvelles comp\u00e9tences humaines, \u00e9l\u00e9ments essentiels pour atteindre les objectifs.<br>C&rsquo;est ainsi que, sous l&rsquo;enseigne Hubo, l&rsquo;on inaugura le 7 avril 2004 une grande surface de bricolage d&rsquo;environ 2500 m2 \u00e0 laquelle est venu s&rsquo;ajouter par la suite un magasin d&rsquo;outillage sp\u00e9cialis\u00e9 regroupant les plus grandes marques et ce sur environ 1300 m2.<\/p>\n\n\n\n<p class=\"has-text-align-center\">L&rsquo;objectif<\/p>\n\n\n\n<p>Apr\u00e8s avoir soigneusement examin\u00e9 les diff\u00e9rentes pistes possibles, nous avons r\u00e9solument pris l&rsquo;option de proposer une gamme de produits la plus judicieuse qui soit en fonction des groupes de clients susceptibles d&rsquo;\u00eatre int\u00e9ress\u00e9s par nos offres.<br>Rechercher en permanence la meilleure compl\u00e9mentarit\u00e9 et \u00e9viter les doubles emplois au sein des gammes offertes font partie des objectifs de tous les jours.<\/p>\n\n\n\n<p class=\"has-text-align-center\">Les moyens<\/p>\n\n\n\n<p>Tout a d\u00e9marr\u00e9 par le biais d&rsquo;une franchise \u00abHUBO\u00bb.<br>Pour peu qu&rsquo;il soit utile de pr\u00e9senter l&rsquo;enseigne Hubo, \u00abTout pour le bricolage \u00bb, celle-ci nous a permis \u00e0 tr\u00e8s court terme de faire des choix et de pouvoir compter sur une infrastructure existante et performante sans oublier la redoutable efficacit\u00e9 des campagnes publicitaires cibl\u00e9es et r\u00e9p\u00e9titives.<br>C&rsquo;est donc bien en compl\u00e9ment et gr\u00e2ce \u00e0 cette base que nous avons pu constituer tres rigoureusement l&rsquo;assortiment professionnel. Cela nous a permis de nous concentrer sur les lignes de force indispensables pour r\u00e9pondre le plus judicieusement \u00e0 la demande de l&rsquo;ensemble du march\u00e9.<br>Ainsi, \u00ab JADOUILLE OUTILLAGE \u00bb, propose une s\u00e9lection de machines les plus sp\u00e9cifiques ainsi que leurs accessoires.<br>Le top de l&rsquo;outillage \u00e0 main ne manque pas \u00e0 l&rsquo;appel ni d&rsquo;ailleurs un tr\u00e8s large assortiment de boulonnerie-visserie. Une place de choix est r\u00e9serv\u00e9e aux v\u00eatements de travail, \u00e0 la protection et \u00e0 la s\u00e9curit\u00e9 en g\u00e9n\u00e9ral.<br>Une gamme d&rsquo;outils de jardin, de tondeuses et de tracteurs haut de gamme viennent compl\u00e9ter l&rsquo;offre.<\/p>\n","protected":false},"excerpt":{"rendered":"<p>C&rsquo;est en 1958 que Louis Jadouille et son \u00e9pouse Jeanne reprennent la quincaillerie \u00ab\u00a0Massart\u00a0\u00bb sise \u00e0 l&rsquo;\u00e9poque au nr 8 de la place du Sablon, d&rsquo;o\u00f9 le nom \u00ab Quincaillerie du Sablon \u00bb. Pour la petite histoire, la place fut &hellip;<\/p>\n<p class=\"read-more\"> <a class=\"more-link\" href=\"https:\/\/jadouille.be\/index.php\/historique\/\"> <span class=\"screen-reader-text\">Historique<\/span> Read More &raquo;<\/a><\/p>\n","protected":false},"author":1,"featured_media":0,"parent":0,"menu_order":0,"comment_status":"closed","ping_status":"closed","template":"","meta":{"footnotes":""},"class_list":["post-10","page","type-page","status-publish","hentry"],"yoast_head":"<!-- This site is optimized with the Yoast SEO plugin v19.3 - https:\/\/yoast.com\/wordpress\/plugins\/seo\/ -->\n<title>Historique -<\/title>\n<meta name=\"robots\" content=\"index, follow, max-snippet:-1, max-image-preview:large, max-video-preview:-1\" \/>\n<link rel=\"canonical\" href=\"https:\/\/jadouille.be\/index.php\/historique\/\" \/>\n<meta property=\"og:locale\" content=\"fr_FR\" \/>\n<meta property=\"og:type\" content=\"article\" \/>\n<meta property=\"og:title\" content=\"Historique -\" \/>\n<meta property=\"og:description\" content=\"C&rsquo;est en 1958 que Louis Jadouille et son \u00e9pouse Jeanne reprennent la quincaillerie \u00ab\u00a0Massart\u00a0\u00bb sise \u00e0 l&rsquo;\u00e9poque au nr 8 de la place du Sablon, d&rsquo;o\u00f9 le nom \u00ab Quincaillerie du Sablon \u00bb. Pour la petite histoire, la place fut &hellip; Historique Read More &raquo;\" \/>\n<meta property=\"og:url\" content=\"https:\/\/jadouille.be\/index.php\/historique\/\" \/>\n<meta property=\"article:publisher\" content=\"https:\/\/www.facebook.com\/infojadouille\/\" \/>\n<meta property=\"article:modified_time\" content=\"2022-07-15T09:41:52+00:00\" \/>\n<meta name=\"twitter:card\" content=\"summary_large_image\" \/>\n<meta name=\"twitter:label1\" content=\"Dur\u00e9e de lecture estim\u00e9e\" \/>\n\t<meta name=\"twitter:data1\" content=\"3 minutes\" \/>\n<script type=\"application\/ld+json\" class=\"yoast-schema-graph\">{\"@context\":\"https:\/\/schema.org\",\"@graph\":[{\"@type\":\"Organization\",\"@id\":\"https:\/\/jadouille.be\/#organization\",\"name\":\"Jadouille.be\",\"url\":\"https:\/\/jadouille.be\/\",\"sameAs\":[\"https:\/\/www.facebook.com\/infojadouille\/\"],\"logo\":{\"@type\":\"ImageObject\",\"inLanguage\":\"fr-FR\",\"@id\":\"https:\/\/jadouille.be\/#\/schema\/logo\/image\/\",\"url\":\"http:\/\/jadouille.be\/wp-content\/uploads\/2022\/07\/cropped-logo3-1.png\",\"contentUrl\":\"http:\/\/jadouille.be\/wp-content\/uploads\/2022\/07\/cropped-logo3-1.png\",\"width\":202,\"height\":51,\"caption\":\"Jadouille.be\"},\"image\":{\"@id\":\"https:\/\/jadouille.be\/#\/schema\/logo\/image\/\"}},{\"@type\":\"WebSite\",\"@id\":\"https:\/\/jadouille.be\/#website\",\"url\":\"https:\/\/jadouille.be\/\",\"name\":\"\",\"description\":\"\",\"publisher\":{\"@id\":\"https:\/\/jadouille.be\/#organization\"},\"potentialAction\":[{\"@type\":\"SearchAction\",\"target\":{\"@type\":\"EntryPoint\",\"urlTemplate\":\"https:\/\/jadouille.be\/?s={search_term_string}\"},\"query-input\":\"required name=search_term_string\"}],\"inLanguage\":\"fr-FR\"},{\"@type\":\"WebPage\",\"@id\":\"https:\/\/jadouille.be\/index.php\/historique\/\",\"url\":\"https:\/\/jadouille.be\/index.php\/historique\/\",\"name\":\"Historique -\",\"isPartOf\":{\"@id\":\"https:\/\/jadouille.be\/#website\"},\"datePublished\":\"2022-07-14T17:48:30+00:00\",\"dateModified\":\"2022-07-15T09:41:52+00:00\",\"breadcrumb\":{\"@id\":\"https:\/\/jadouille.be\/index.php\/historique\/#breadcrumb\"},\"inLanguage\":\"fr-FR\",\"potentialAction\":[{\"@type\":\"ReadAction\",\"target\":[\"https:\/\/jadouille.be\/index.php\/historique\/\"]}]},{\"@type\":\"BreadcrumbList\",\"@id\":\"https:\/\/jadouille.be\/index.php\/historique\/#breadcrumb\",\"itemListElement\":[{\"@type\":\"ListItem\",\"position\":1,\"name\":\"Accueil\",\"item\":\"https:\/\/jadouille.be\/\"},{\"@type\":\"ListItem\",\"position\":2,\"name\":\"Historique\"}]}]}<\/script>\n<!-- \/ Yoast SEO plugin. -->","yoast_head_json":{"title":"Historique -","robots":{"index":"index","follow":"follow","max-snippet":"max-snippet:-1","max-image-preview":"max-image-preview:large","max-video-preview":"max-video-preview:-1"},"canonical":"https:\/\/jadouille.be\/index.php\/historique\/","og_locale":"fr_FR","og_type":"article","og_title":"Historique -","og_description":"C&rsquo;est en 1958 que Louis Jadouille et son \u00e9pouse Jeanne reprennent la quincaillerie \u00ab\u00a0Massart\u00a0\u00bb sise \u00e0 l&rsquo;\u00e9poque au nr 8 de la place du Sablon, d&rsquo;o\u00f9 le nom \u00ab Quincaillerie du Sablon \u00bb. Pour la petite histoire, la place fut &hellip; Historique Read More &raquo;","og_url":"https:\/\/jadouille.be\/index.php\/historique\/","article_publisher":"https:\/\/www.facebook.com\/infojadouille\/","article_modified_time":"2022-07-15T09:41:52+00:00","twitter_card":"summary_large_image","twitter_misc":{"Dur\u00e9e de lecture estim\u00e9e":"3 minutes"},"schema":{"@context":"https:\/\/schema.org","@graph":[{"@type":"Organization","@id":"https:\/\/jadouille.be\/#organization","name":"Jadouille.be","url":"https:\/\/jadouille.be\/","sameAs":["https:\/\/www.facebook.com\/infojadouille\/"],"logo":{"@type":"ImageObject","inLanguage":"fr-FR","@id":"https:\/\/jadouille.be\/#\/schema\/logo\/image\/","url":"http:\/\/jadouille.be\/wp-content\/uploads\/2022\/07\/cropped-logo3-1.png","contentUrl":"http:\/\/jadouille.be\/wp-content\/uploads\/2022\/07\/cropped-logo3-1.png","width":202,"height":51,"caption":"Jadouille.be"},"image":{"@id":"https:\/\/jadouille.be\/#\/schema\/logo\/image\/"}},{"@type":"WebSite","@id":"https:\/\/jadouille.be\/#website","url":"https:\/\/jadouille.be\/","name":"","description":"","publisher":{"@id":"https:\/\/jadouille.be\/#organization"},"potentialAction":[{"@type":"SearchAction","target":{"@type":"EntryPoint","urlTemplate":"https:\/\/jadouille.be\/?s={search_term_string}"},"query-input":"required name=search_term_string"}],"inLanguage":"fr-FR"},{"@type":"WebPage","@id":"https:\/\/jadouille.be\/index.php\/historique\/","url":"https:\/\/jadouille.be\/index.php\/historique\/","name":"Historique -","isPartOf":{"@id":"https:\/\/jadouille.be\/#website"},"datePublished":"2022-07-14T17:48:30+00:00","dateModified":"2022-07-15T09:41:52+00:00","breadcrumb":{"@id":"https:\/\/jadouille.be\/index.php\/historique\/#breadcrumb"},"inLanguage":"fr-FR","potentialAction":[{"@type":"ReadAction","target":["https:\/\/jadouille.be\/index.php\/historique\/"]}]},{"@type":"BreadcrumbList","@id":"https:\/\/jadouille.be\/index.php\/historique\/#breadcrumb","itemListElement":[{"@type":"ListItem","position":1,"name":"Accueil","item":"https:\/\/jadouille.be\/"},{"@type":"ListItem","position":2,"name":"Historique"}]}]}},"_links":{"self":[{"href":"https:\/\/jadouille.be\/index.php\/wp-json\/wp\/v2\/pages\/10","targetHints":{"allow":["GET"]}}],"collection":[{"href":"https:\/\/jadouille.be\/index.php\/wp-json\/wp\/v2\/pages"}],"about":[{"href":"https:\/\/jadouille.be\/index.php\/wp-json\/wp\/v2\/types\/page"}],"author":[{"embeddable":true,"href":"https:\/\/jadouille.be\/index.php\/wp-json\/wp\/v2\/users\/1"}],"replies":[{"embeddable":true,"href":"https:\/\/jadouille.be\/index.php\/wp-json\/wp\/v2\/comments?post=10"}],"version-history":[{"count":2,"href":"https:\/\/jadouille.be\/index.php\/wp-json\/wp\/v2\/pages\/10\/revisions"}],"predecessor-version":[{"id":43,"href":"https:\/\/jadouille.be\/index.php\/wp-json\/wp\/v2\/pages\/10\/revisions\/43"}],"wp:attachment":[{"href":"https:\/\/jadouille.be\/index.php\/wp-json\/wp\/v2\/media?parent=10"}],"curies":[{"name":"wp","href":"https:\/\/api.w.org\/{rel}","templated":true}]}}